 15*p + 68. Give x(-8).
1036
Let d(k) = 981*k + 78486. Give d(-80).
6
Let b(z) = -394*z**2 + 182819*z - 1397. Determine b(464).
-5
Let l(w) = -24*w**3 - 84*w**2 + 101*w + 126. Give l(2).
-200
Let b(l) = 3*l**3 - 752*l**2 - 216*l - 8412. Give b(251).
373
Let p(a) = 22*a**2 - 107*a + 142. Give p(-6).
1576
Let z(b) = 46*b**2 - 509*b + 1306. Determine z(7).
-3
Let v(s) = s**3 + 5*s**2 - 41*s - 335. What is v(9)?
430
Let o(j) = -j**3 + 23*j**2 - 217*j + 2255. Give o(19).
-424
Let x(r) = 642331*r - 3853991. Determine x(6).
-5
Let r(a) = 944245*a + 2832740. Determine r(-3).
5
Let x(r) = r**3 - 14*r**2 - 522*r + 7225. What is x(23)?
-20
Let j(y) = -539*y - 11790. Give j(-22).
68
Let b(o) = -o**3 - 46*o**2 - 1425*o - 72951. Calculate b(-48).
57
Let t(w) = 2*w**2 + 646*w - 751. What is t(-324)?
-103
Let a(o) = -57*o**3 + 275*o**2 + 26*o - 2. Determine a(5).
-122
Let n(w) = -w**3 - 317*w**2 + 2327*w + 1. Calculate n(7).
414
Let i(z) = -15*z**2 + 189*z - 616. Give i(7).
-28
Let w(o) = -162*o + 51999. What is w(328)?
-1137
Let b(u) = 95*u**3 + 196*u**2 + 45*u + 72. What is b(-2)?
6
Let w(c) = 45802*c + 549623. Calculate w(-12).
-1
Let x(v) = 10*v**2 - 333*v + 2064. What is x(9)?
-123
Let n(d) = 2*d**3 - 166*d**2 - 9*d - 244. What is n(83)?
-991
Let a(l) = 15193*l - 195276. Determine a(13).
2233
Let h(g) = 32*g**2 + 489*g - 1081. What is h(2)?
25
Let y(b) = -2680*b - 97026. Give y(-36).
-546
Let n(t) = -100*t**2 - 54277*t + 12482. What is n(-543)?
-7
Let n(x) = 47*x**2 - 191*x - 1010. Calculate n(-3).
-14
Let c(k) = 17*k + 553. Give c(17).
842
Let s(f) = 5*f**2 + 1377*f - 21017. Determine s(-290).
153
Let c(y) = -5*y**3 + 44*y**2 - 271*y - 549. Determine c(-2).
209
Let k(v) = -v**3 + 24*v**2 - 361*v + 10736. Determine k(26).
-2
Let q(f) = -2*f**2 - 227*f - 4670. Calculate q(-55).
1765
Let i(a) = 29*a**2 - 498*a + 23. What is i(18)?
455
Let r(x) = 39509*x - 60. What is r(0)?
-60
Let y(z) = -12035*z - 48479. Determine y(-4).
-339
Let g(r) = 3*r**3 - 129*r**2 - 9*r + 504. What is g(43)?
117
Let d(g) = g**3 + 36*g**2 - 2946*g + 33848. Determine d(16).
24
Let k(u) = -18*u**2 - 234*u + 1624. Give k(-18).
4
Let q(f) = 24*f**2 + 17014*f - 35547. Calculate q(-711).
3
Let y(r) = -2*r**3 - 10*r**2 - 284*r - 1656. Determine y(-6).
120
Let s(z) = -15*z**3 - 199*z**2 - 35*z + 96. Calculate s(-13).
-125
Let y(q) = 49*q**3 + 550*q**2 + 604*q + 15. Calculate y(-10).
-25
Let z(l) = -l**3 + 29*l**2 - 2*l + 127. Determine z(29).
69
Let x(y) = -97*y**3 + 220*y**2 - 63*y + 42. What is x(2)?
20
Let o(z) = 8*z**2 - 33*z - 2285. Determine o(19).
-24
Let m(y) = -y**3 - 337*y**2 + 1126*y + 36198. Give m(-340).
158
Let g(f) = -f**3 - 86*f**2 + 1194*f + 32214. Calculate g(-95).
9
Let b(y) = -6670*y - 433545. Calculate b(-65).
5
Let h(x) = -x**3 + 922*x**2 - 4549*x - 33009. Give h(917).
3
Let o(l) = l**3 + 32*l**2 - 68*l - 37. Determine o(-20).
6123
Let q(n) = -8225*n - 41183. Determine q(-5).
-58
Let b(z) = 8887*z + 71995. Calculate b(-8).
899
Let z(t) = -t**3 + 12*t**2 + 379*t + 1760. Calculate z(-8).
8
Let f(b) = 778*b + 81932. Determine f(-105).
242
Let m(c) = 732*c + 37084. Give m(-49).
1216
Let u(v) = -v**3 + 41*v**2 + 1083*v + 37. What is u(-18)?
-341
Let d(s) = -3*s**3 + 2169*s**2 - 11*s + 7960. What is d(723)?
7
Let n(o) = 861*o - 1743. What is n(2)?
-21
Let i(h) = h**3 + 44*h**2 - 1457*h + 243. Give i(22).
133
Let c(n) = 2*n**3 - 255*n**2 - 1300*n + 61. Give c(-5).
-64
Let x(k) = 12157*k + 936096. Give x(-77).
7
Let l(z) = 7416052*z + 7416048. Calculate l(-1).
-4
Let i(c) = 3173*c + 320465. Give i(-101).
-8
Let d(n) = 68440*n + 615966. Give d(-9).
6
Let c(l) = -1481*l - 19343. Determine c(-10).
-4533
Let m(h) = -164*h + 2732. What is m(26)?
-1532
Let t(j) = j**3 - 4*j**2 - 11925*j + 83351. Give t(7).
23
Let j(t) = -t**3 + 330*t**2 - 2000*t + 345. Determine j(6).
9
Let y(v) = 29*v**2 - 21*v - 82. Calculate y(-3).
242
Let g(r) = -r**3 + 33*r**2 - 83*r - 459. Determine g(30).
-249
Let r(c) = -c**3 + 147*c**2 - 851*c + 1451. Give r(141).
746
Let p(a) = -766*a - 14701. Give p(-19).
-147
Let y(p) = 1087*p**2 - 25000*p - 54. Determine y(23).
-31
Let w(g) = 51*g**3 - 1171*g**2 - 381*g + 7692. What is w(23)?
-13
Let i(d) = 1997*d - 11515. What is i(7)?
2464
Let r(t) = 6*t**2 - 14*t + 200. What is r(8)?
472
Let p(u) = 320*u**3 - 1885*u**2 - 207*u + 22. What is p(6)?
40
Let o(j) = j**3 - 165*j**2 + 115*j + 8038. Give o(164).
2
Let k(x) = -472213*x + 18888515. Calculate k(40).
-5
Let q(v) = -4525793*v + 4525793. Give q(1).
0
Let k(d) = 10230*d - 81749. Give k(8).
91
Let o(g) = -8*g**3 - 18*g**2 + 89*g - 163. Determine o(4).
-607
Let o(l) = 943*l**2 + 8445*l - 370. Give o(-9).
8
Let d(w) = -2*w**3 - 6*w**2 + 1875*w - 511. Give d(29).
40
Let j(c) = c**2 + 234*c + 7171. Calculate j(-39).
-434
Let d(h) = -1550*h**2 - 12439*h - 306. Calculate d(-8).
6
Let c(w) = w**2 + 228*w - 20855. Give c(-298).
5
Let g(u) = 2*u**3 - 193*u**2 + 263*u - 35312. Give g(97).
-392
Let z(j) = -4*j**3 + 372*j**2 - 6897*j - 4764. Determine z(67).
-7
Let p(n) = 2*n**2 + 1848*n - 30119. Calculate p(16).
-39
Let w(t) = -3899*t + 46868. What is w(12)?
80
Let p(i) = 63503*i + 634960. Calculate p(-10).
-70
Let d(v) = -5389*v - 99730. Calculate d(-18).
-2728
Let i(g) = 9526*g + 1085961. What is i(-114)?
-3
Let u(k) = -k**3 - 54*k**2 + 157*k + 2459. Give u(-56).
-61
Let u(s) = -331*s**3 - 12*s**2 - 62*s + 60. What is u(1)?
-345
Let m(a) = -a**3 - 30*a**2 + 232*a - 2716. Give m(-38).
20
Let i(l) = -10503*l**3 - 84028*l**2 - 30*l + 29. What is i(-8)?
13
Let i(y) = 2*y**3 - 35*y**2 - 398*y + 6859. Give i(18).
19
Let w(j) = j**3 + 164*j**2 + 1318*j - 689. Determine w(-9).
4
Let r(o) = 11281*o - 778379. Calculate r(69).
10
Let k(z) = 12*z**2 - 655*z - 33237. Determine k(-32).
11
Let s(m) = 3*m**3 - 179*m**2 - 386*m - 1095. Give s(62).
1881
Let j(q) = 21109*q + 1625409. What is j(-77)?
16
Let d(s) = -2*s**2 - 47*s - 196. Calculate d(-17).
25
Let n(f) = -f**3 + 53*f**2 - 2*f + 6176. What is n(55)?
16
Let s(h) = h**3 - h**2 + 13*h + 332. What is s(-6)?
2
Let n(h) = -2336*h + 308364. What is n(132)?
12
Let x(f) = -13*f**2 + 833*f - 154. Calculate x(64).
-90
Let o(t) = -16*t**2 + 100*t + 257. What is o(-12)?
-3247
Let i(z) = z**2 - 9165*z - 45811. Give i(-5).
39
Let z(h) = 424*h - 108516. What is z(256)?
28
Let d(h) = 3*h**3 - 2066*h + 4114. What is d(2)?
6
Let s(x) = 2*x**2 + 49*x - 708. What is s(-40)?
532
Let l(f) = 5621*f - 815039. Calculate l(145).
6
Let f(n) = -3765*n + 606192. Calculate f(161).
27
Let k(f) = 4*f**2 - 18586*f + 185808. What is k(10)?
348
Let b(l) = l**2 + 1084*l + 8741. Determine b(-8).
133
Let z(l) = -l**3 + 26*l**2 + 713*l - 4989. What is z(6)?
9
Let p(k) = 4350*k - 108739. Calculate p(25).
11
Let f(u) = 113*u**2 - 183*u - 184. Give f(-1).
112
Let k(y) = y**2 + 530*y - 12255. Determine k(22).
-111
Let s(z) = 2*z**2 - 2218*z - 15586. What is s(-7)?
38
Let l(k) = -32*k**2 - 51697*k - 27460. What is l(-1615)?
-5
Let h(c) = -4*c**2 + 1588*c - 6273. Determine h(4).
15
Let d(t) = -3*t**2 + 346*t - 9710. Calculate d(64).
146
Let k(x) = 2*x**2 - 95*x + 198. Determine k(48).
246
Let y(k) = -24173*k - 313850. Determine y(-13).
399
Let v(g) = -14*g**3 - 43*g**2 + 883*g + 3551. Give v(-4).
227
Let n(w) = -13*w**2 - 535*w + 71. Determine n(-42).
-391
Let n(j) = -4960*j**2 - 1289598*j + 460. Determine n(-260).
-60
Let h(w) = w**3 - 174*w**2 + 2317*w - 12323. Calculate h(160).
-3
Let k(g) = -16*g**3 - 178*g**2 - 278*g - 2808. Calculate k(-11).
8
Let n(d) = d**3 + 33*d**2 - 13938*d - 127393. Determine n(-9).
-7
Let s(i) = i**3 - 25*i**2 - 55*i + 815. Calculate s(27).
788
Let p(k) = 13*k**3 + 196*k**2 - 27*k - 79. What is p(-15)?
551
Let n(d) = -2*d**2 - 242*d + 11359. Give n(-157).
55
Let g(l) = 65123*l + 2670043. Calculate g(-41).
0
Let d(f) = 3030*f - 32733. Determine d(11).
597
Let k(n) = 1751*n + 169901. Give k(-97).
54
Let o(v) = v**2 - 15142*v + 378336. Calculate o(25).
411
Let y(x) = -381*x**2 + 138*x + 270. What is y(-2)?
-1530
Let b(j) = -j**3 - 495*j**2 + 4539*j + 1516. Determine b(-504).
4
Let q(o) = 6*o**3 - 41*o**2 + 26. Calculate q(7).
75
Let t(i) = 68*i - 2953. What is t(51)?
515
Let n(h) = -29*h**2 - 123*h + 29. What is n(-7)?
-531
Let h(p) = -14*p**3 + 19*p**2 - 135*p - 20. Determine h(5).
-1970
Let h(d